+ 14, -j*o + 2*v = -2*v + 20. Give u(o).
-6
Suppose 5*i - 3*l = -47, -349*l + 353*l - 16 = 2*i. Let c(z) = -2*z + 12. What is c(i)?
32
Let v(r) = r**3 - 8*r**2 - 18. Suppose -1385*t + 1474*t = 801. Determine v(t).
63
Let c(l) = -l**3 - l**2 + 2*l - 4. Let w be c(-6). Let y = 170 - w. Let h(u) = u**3 - 6*u**2 - 3*u + 6. Give h(y).
-12
Let c(n) = 3 + 19*n**2 - n - 4 - 8*n**2 - 9*n**2 - 3*n**2. Calculate c(-1).
-1
Let b(y) = -7*y**3 + 12*y**2 - 12*y + 12. Let a = -188 - -193. Let r(k) = -6*k**3 + 11*k**2 - 11*k + 11. Let n(c) = a*b(c) - 6*r(c). Calculate n(5).
-1
Let w(x) be the first derivative of -1/20*x**5 + 8*x - 15 - 1/6*x**4 + 5/6*x**3 + x**2. Let b(j) be the first derivative of w(j). What is b(-4)?
14
Suppose -4*g = -3*k + 30, 5*k - 6 = 4. Let w(p) = -51*p - 2 + 205*p - 51*p - 48*p - 58*p. Determine w(g).
16
Let j(c) = -c**3 + 6*c**2 - 6*c - 3. Let q be (-1)/(2/724) - (36 - 36). Let v = 367 + q. Give j(v).
-8
Suppose -k - 211 + 215 = 0. Suppose k*p - 3*y = -30, -2*y = -21*p + 22*p + 2. Let o(a) = -a**3 - 7*a**2 - 7*a - 3. Give o(p).
3
Suppose -6*r - 64 = 22 - 2. Let p(a) = a**2 + 12*a - 29. Give p(r).
-1
Let f(x) = -492464*x**2 - 3*x + 105*x**3 - 13*x**3 + 492467*x**2 + 1. What is f(1)?
93
Suppose -34*q - 371 = 2349. Let c be (((-6)/(-4))/(-3))/(10/q). Let m(x) = x**3 - 4*x**2 + x - 2. What is m(c)?
2
Let b be (8/(-28))/(2/(-49)*35/(-20)). Let c(g) = g**3 + 4*g**2 - 4*g - 5. Determine c(b).
11
Let p(z) be the second derivative of 7*z**4/6 + z**3/6 - 3*z**2/2 - 3*z - 448. What is p(-2)?
51
Let d = 5862 + -5871. Let g(y) = y**2 + 7*y - 27. Give g(d).
-9
Suppose 0 = -131*i + 113*i - 288. Let p(a) = -a**3 - 16*a**2 - a - 2. Calculate p(i).
14
Let g(s) = s**3 + 8*s**2 + 2*s + 21. Let t be -28*(-11)/385*-10. What is g(t)?
5
Let w(m) = -7*m**2 + 12*m + 203. Let n(t) = 4*t**2 - 6*t - 107. Let j(v) = -5*n(v) - 3*w(v). What is j(12)?
-2
Let x(h) = h**2 + 3*h + 2. Suppose 4 = -0*t - 2*t - 4*j, t - 3*j = 13. Suppose 3*z - 4*p - 7 = 0, -t*p + 3*p - 16 = 4*z. What is x(z)?
2
Suppose 2*s - 44 = -36. Let r(f) = 28*f - 17*f + s - 5*f. Determine r(-3).
-14
Let t(r) be the third derivative of r**4/24 - 11*r**3/3 + 2101*r**2. What is t(15)?
-7
Let c(y) be the first derivative of 63*y**4/4 - y - 1105. What is c(1)?
62
Let y = -59 - -55. Let r = -8 - y. Let n(a) = a**3 + 5*a**2 + 5*a + 11. Let v(x) = x**3 + 5*x**2 + 5*x + 10. Let m(p) = -4*n(p) + 5*v(p). Give m(r).
2
Let o(i) = 3*i**3 + 4*i**2 - 6*i - 19. Let b = -15531 + 15529. Calculate o(b).
-15
Let q(y) = -192*y + 1147. Let n be q(6). Let f(x) = x**3 + 3*x**2 - 11*x + 6. Give f(n).
11
Suppose -24 = 15*l - 19*l. Let y(i) = -7*i**3 + i**2 - 3*i**2 - 3 - 10*i - 6. Let a(u) = u**3 + u + 1. Let g(n) = l*a(n) + y(n). Calculate g(-2).
5
Let a(i) be the first derivative of i**2/2 - 20*i - 1. Let k be -6*(-7)/(-42) + (904 - -2). Suppose -19*n + k = 734. What is a(n)?
-11
Let h(n) = -n**2 - 2*n + 6. Let w(o) = 5*o**2 - 11*o - 30. Let c be w(-7). Let y be 12/(-90) + c/(-60). Calculate h(y).
-9
Let q(r) = 4*r**3 - 160*r**2 - r + 35. Let s(c) = -9*c**3 + 361*c**2 + 2*c - 68. Let y(o) = -7*q(o) - 3*s(o). Calculate y(37).
-4
Let s(q) = q**3 - 11 + 2*q**2 + 209115*q + 7*q**2 - 209108*q + 26. What is s(-8)?
23
Let q(z) be the second derivative of z**4/12 - 4*z**3/3 - 3*z**2/2 - z. Suppose 153*t + 1020 = 165*t. Suppose 89*l = t*l + 28. Give q(l).
-10
Let g(n) = -9*n + 16. Let j(f) = -2*f - 7. Let a(x) = g(x) + 2*j(x). Determine a(7).
-89
Let y(i) be the third derivative of -3*i**2 + 1/6*i**4 - 2 + 1/60*i**5 + 1/2*i**3 + 0*i. Calculate y(-3).
0
Suppose -31 - 5 = -2*f - 3*b, 3*b + 72 = 4*f. Suppose -f - 2 = -10*p. Let g(t) = 2*t**2 - 6*t**2 + 3*t - t. Give g(p).
-12
Let j(h) = -h**2 - 6*h - 3. Let s be j(-6). Let w(r) be the second derivative of r**5/20 + r**4/4 - r**3/2 + 3*r**2/2 - 1112*r. Determine w(s).
12
Let i = 284 + -282. Suppose -3*b - 2*s = 21, i*b + 3*s + 9 = -10. Let f(v) = v**2 + 6*v + 3. What is f(b)?
-2
Let c = 796 + -799. Let g(a) = 2*a**2 + 7*a + 7. Calculate g(c).
4
Let n(d) be the third derivative of -5/24*d**4 + 0*d + 0 + 6*d**2 + 0*d**3. Let c(s) = -s**2 - 8*s - 6. Let v be c(-7). Give n(v).
-5
Suppose 0 = 6*s - 2398 + 334. Let b = s - 344. Let c(n) = n + 20. Calculate c(b).
20
Let r = -5 - -3. Let o be r/((-2)/16*2). Let k(t) = -o + 18 - 8 + t. Calculate k(5).
7
Let q(h) = 29*h + 11. Let t(f) = -f - 5. Let i(u) = q(u) + 2*t(u). Let j be i(0). Let b(c) = 3*c**2 + 3*c. Calculate b(j).
6
Let f(b) = 2 - 5 - 15*b + 2 + 1 - 3. Calculate f(1).
-18
Let r(u) = 5*u**2 + u. Suppose -130*l = -127*l + 4*n - 9, 4*n - 14 = 2*l. Calculate r(l).
4
Let y(x) = -x**3 + x**2 - 17. Let q = 162 + -168. Let d be q/39 + 4/26. Calculate y(d).
-17
Suppose -81 = s + 5*q, s - 4*q = 4*s + 188. Let y = s - -59. Let p(l) = -3 + 2*l**2 + 1 - 6 + 11 + y*l + l**3. What is p(-2)?
-3
Let v(o) = o**3 + 6*o**2 + 2*o + 1. Let j(h) = 5*h + 38. Let x be j(-7). Let g be 64 + (-3)/x*-1. Let b be ((-78)/g)/((-1)/(-5)). What is v(b)?
-11
Let o be (2/(-4))/((-2)/4). Let l be ((-2)/1)/(2/((-2)/o)). Let p(d) = l - 6 + 0 + 8*d - 11*d. Calculate p(-5).
11
Let t = -306 + 313. Let w(s) = s**2 - 14*s - 3. Let z be w(15). Let h(n) = 6*n - 7 - 12 - n**2 + 23 - z. Determine h(t).
-15
Suppose 0 = 5*a - 0*a - 10. Let i(r) = -a*r - 2*r + r. Let x be 25/(-275) + 672/(-231). Calculate i(x).
9
Let w = 6 - 3. Let j(t) = 6516*t**2 + t**3 + 6518*t**2 + 0*t**3 - 2 + 4*t - 13039*t**2. Give j(w).
-8
Suppose 326*a - 12 = 320*a. Let b(n) = -1 + n**3 - 27 - 3928*n - 3*n**a + 4*n**2 + 3929*n. Suppose 0 = m + 2*p, 0 = -3*m + p + p. Calculate b(m).
-28
Let i(y) = 2*y + 0 - 1 - 14*y**3 - y. Let x = -10547 - -10548. What is i(x)?
-14
Suppose 8*k - w - 11 = 6*k, -w + 25 = 4*k. Let f(v) = v**3 - 4*v**2 - 13*v - 7. Calculate f(k).
-13
Let s(r) = -r**2 + 11*r - 12. Let m be s(9). Let u be (7 + (-105)/14)*20. Let t be (-9)/m - (25/u + 3). Let z(a) = 5*a - 2. Calculate z(t).
-12
Let d(q) = -55884 + 55882 - 3*q**2 + 2*q + 12*q**2 - 5*q**2 - q**2. Let l be 0 + 0 + 1/1. What is d(l)?
3
Suppose 33*y - 5 = 38*y. Let o(s) = s**3 + 4*s**2 - s + 5. Let w(j) = -j**3 + j - 1. Let x(l) = y*o(l) - 2*w(l). Determine x(4).
-7
Let r(n) = -5*n + 1. Let g(q) be the second derivative of q**3/2 - 17*q**2 + 25*q. Let y be g(9). Let a(i) = 4*i - 1. Let o(w) = y*r(w) - 6*a(w). Give o(-1).
-12
Let m(c) be the third derivative of c**4/24 - c**3/2 - c**2. Let y = 2783 - 1896. Suppose -2*d - 901 + y = 0. Calculate m(d).
-10
Let g(r) = r**3 - 13*r**2 - 13*r - 19. Let f = 68 - -268. Suppose 27*s - 42 = f. Calculate g(s).
-5
Let a be 1 + -4 - (0 + (21 - 8)). Let x(o) = 6*o**2 + 97*o + 16. What is x(a)?
0
Suppose 0 = 24*i + 7*i + 124. Let d(p) = -p + 1. Let v(n) = 2*n + 6. Suppose 5*o = 5*h - 10, 0 = -3*h + 2*h + 4*o + 17. Let k(u) = h*d(u) + v(u). What is k(i)?
-17
Suppose -10 + 118 = 4*a. Suppose 2*n - 5*m = a, -2*n - n - 7 = 2*m. Let f(u) = -32*u**3 - 2*u**2 - 24*u**3 + 66*u**3 + u. Calculate f(n).
9
Let q(t) = -t + 35. Let y(c) = c - 47. Let i(f) = 5*q(f) + 4*y(f). Determine i(-10).
-3
Let j(x) = -x**3 - 10*x**2 - 21*x - 108. Suppose -212 + 122 = 5*b - 5*o, 3*o - 27 = 0. Give j(b).
0
Suppose -17*n - 2122 = -456. Let o = 94 + n. Let i(d) = -d**2 - d - 1 - 2*d - 2*d. Calculate i(o).
3
Let p(w) be the third derivative of w**6/120 + w**5/30 - w**4/12 + w**3/6 + 21*w**2. Let m be 38/3 + 24/(-36). Suppose 0 = -m*s + 8*s - 12. Determine p(s).
-2
Let u(w) = w**2 + 10*w - 5. Let o(l) = l**2 - 2*l - 14. Let t be o(-3). Let c be t + -3 + -4 + 0 + 1. What is u(c)?
-30
Let b(x) = -25*x - 267. Let a = 9113 + -9124. Determine b(a).
8
Suppose 5*t = -2*c - 0*t - 107, c - 5*t - 14 = 0. Let l(r) = 2*r**2 + 60*r - 56. What is l(c)?
6
Let z(p) = 9*p**3 - 8*p**2 - 5*p + 8. Let o = -55 + 58. Let l(m) = -7*m**3 + 7*m**2 + 5*m - 7. Let q(y) = o*z(y) + 4*l(y). Determine q(5).
-4
Let x(m) be the second derivative of 1/2*m**3 + 2*m**2 - 8*m - 1/12*m**4 - 2. Give x(4).
0
Let g(o) = 13*o - 245. Suppose 521 + 471 = 36*r + 308. Calculate g(r).
2
Let y(w) = -14*w - 7 + 4 - 6*w + 5*w. Let x be y(1). Let q = -14 - x. Let k(m) = m**3 - 5*m**2 + 3*m + 1. What is k(q)?
-3
Let t(v) = 223*v**2 - 9*v - 19. Let d(k) = -56*k**2 + k. Let f(q) = -4*d(q) - t(q). What is f(-7)?
33
Let m(c) = 987*c + 82 + 1115*c - 2100*c. Calculate m(-23).
36
Let q = 338